{"id":1046,"date":"2023-04-18T18:24:22","date_gmt":"2023-04-18T18:24:22","guid":{"rendered":"https:\/\/mxit.mx\/?page_id=1046"},"modified":"2025-06-09T23:36:00","modified_gmt":"2025-06-09T23:36:00","slug":"datosfijas","status":"publish","type":"page","link":"https:\/\/mxit.mx\/index.php\/datosfijas\/","title":{"rendered":"ciberseguridad"},"content":{"rendered":"\n<div class=\"wp-block-uagb-container uagb-block-720429d4 alignfull uagb-is-root-container\"><div class=\"uagb-container-inner-blocks-wrap\">\n<div class=\"wp-block-uagb-advanced-heading uagb-block-0647de5a\"><h1 class=\"uagb-heading-text\">CIBERSEGURIDAD<\/h1><\/div>\n<\/div><\/div>\n\n\n\n<div class=\"wp-block-uagb-container uagb-block-e7369a89 alignfull uagb-is-root-container\"><div class=\"uagb-container-inner-blocks-wrap\">\n<div class=\"wp-block-uagb-container justificado uagb-block-e03114f7\">\n<h1 class=\"wp-block-heading has-ast-global-color-0-color has-text-color has-large-font-size\">Ciberseguridad<\/h1>\n\n\n\n<p class=\"justificado\"><\/p>\n\n\n\n<p>En MXIT Global transformamos la ciberseguridad en un motor de innovaci\u00f3n y resiliencia para su organizaci\u00f3n. Nuestros servicios integrales protegen sus activos digitales mientras impulsan su transformaci\u00f3n, combinando tecnolog\u00edas avanzadas con metodolog\u00edas adaptativas que anticipan amenazas y oportunidades en entornos empresariales din\u00e1micos. Implementamos arquitecturas de seguridad inteligentes que se integran con sus objetivos estrat\u00e9gicos, permiti\u00e9ndole operar con agilidad. Dise\u00f1amos ecosistemas de seguridad a medida que evolucionan junto con su negocio. Desde la protecci\u00f3n de infraestructuras cr\u00edticas hasta la seguridad de iniciativas disruptivas, nuestros expertos trabajan como extensi\u00f3n de su equipo para construir capacidades duraderas. Utilizamos inteligencia de amenazas en tiempo real, an\u00e1lisis predictivo y respuestas automatizadas para crear una postura de seguridad proactiva que se convierte en ventaja competitiva. MXIT Global le ayuda a redefinir el rol de la ciberseguridad en su organizaci\u00f3n. Nuestros servicios no solo mitigan riesgos, sino que habilitan nuevos modelos de negocio, aceleran la innovaci\u00f3n segura y fortalecen la confianza con sus stakeholders. En un panorama digital donde las amenazas son inevitables pero las brechas de seguridad no lo son, le equipamos para liderar con seguridad en la era de la disrupci\u00f3n tecnol\u00f3gica.<\/p>\n<\/div>\n\n\n\n<div class=\"wp-block-uagb-container uagb-block-4bb27783\">\n<figure class=\"wp-block-image size-large has-custom-border\"><img loading=\"lazy\" decoding=\"async\" width=\"1024\" height=\"682\" src=\"https:\/\/mxit.mx\/wp-content\/uploads\/2023\/04\/barrido-tecnologico-1-1024x682.jpg\" alt=\"\" class=\"wp-image-964\" style=\"border-radius:30px\" srcset=\"https:\/\/mxit.mx\/wp-content\/uploads\/2023\/04\/barrido-tecnologico-1-1024x682.jpg 1024w, https:\/\/mxit.mx\/wp-content\/uploads\/2023\/04\/barrido-tecnologico-1-300x200.jpg 300w, https:\/\/mxit.mx\/wp-content\/uploads\/2023\/04\/barrido-tecnologico-1-768x512.jpg 768w, https:\/\/mxit.mx\/wp-content\/uploads\/2023\/04\/barrido-tecnologico-1.jpg 1100w\" sizes=\"auto, (max-width: 1024px) 100vw, 1024px\" \/><\/figure>\n<\/div>\n<\/div><\/div>\n\n\n\n<div class=\"wp-block-uagb-container uagb-block-96debaf2 alignfull uagb-is-root-container\"><div class=\"uagb-container-inner-blocks-wrap\">\n<div class=\"wp-block-uagb-advanced-heading uagb-block-e6da1ef4\"><h2 class=\"uagb-heading-text\"><strong>Tenemos la soluci\u00f3n perfecta que cumple tus expectativas.<\/strong><\/h2><\/div>\n<\/div><\/div>\n","protected":false},"excerpt":{"rendered":"<p>CIBERSEGURIDAD Ciberseguridad En MXIT Global transformamos la ciberseguridad en un motor de innovaci\u00f3n y resiliencia para su organizaci\u00f3n. Nuestros servicios integrales protegen sus activos digitales mientras impulsan su transformaci\u00f3n, combinando tecnolog\u00edas avanzadas con metodolog\u00edas adaptativas que anticipan amenazas y oportunidades en entornos empresariales din\u00e1micos. Implementamos arquitecturas de seguridad inteligentes que se integran con sus objetivos [&hellip;]<\/p>\n","protected":false},"author":1,"featured_media":0,"parent":0,"menu_order":0,"comment_status":"closed","ping_status":"closed","template":"","meta":{"_uag_custom_page_level_css":"","site-sidebar-layout":"default","site-content-layout":"","ast-site-content-layout":"default","site-content-style":"default","site-sidebar-style":"default","ast-global-header-display":"","ast-banner-title-visibility":"","ast-main-header-display":"","ast-hfb-above-header-display":"","ast-hfb-below-header-display":"","ast-hfb-mobile-header-display":"","site-post-title":"disabled","ast-breadcrumbs-content":"","ast-featured-img":"","footer-sml-layout":"","ast-disable-related-posts":"","theme-transparent-header-meta":"disabled","adv-header-id-meta":"","stick-header-meta":"","header-above-stick-meta":"","header-main-stick-meta":"","header-below-stick-meta":"","astra-migrate-meta-layouts":"set","ast-page-background-enabled":"default","ast-page-background-meta":{"desktop":{"background-color":"var(--ast-global-color-4)","background-image":"","background-repeat":"repeat","background-position":"center center","background-size":"auto","background-attachment":"scroll","background-type":"","background-media":"","overlay-type":"","overlay-color":"","overlay-opacity":"","overlay-gradient":""},"tablet":{"background-color":"","background-image":"","background-repeat":"repeat","background-position":"center center","background-size":"auto","background-attachment":"scroll","background-type":"","background-media":"","overlay-type":"","overlay-color":"","overlay-opacity":"","overlay-gradient":""},"mobile":{"background-color":"","background-image":"","background-repeat":"repeat","background-position":"center center","background-size":"auto","background-attachment":"scroll","background-type":"","background-media":"","overlay-type":"","overlay-color":"","overlay-opacity":"","overlay-gradient":""}},"ast-content-background-meta":{"desktop":{"background-color":"var(--ast-global-color-5)","background-image":"","background-repeat":"repeat","background-position":"center center","background-size":"auto","background-attachment":"scroll","background-type":"","background-media":"","overlay-type":"","overlay-color":"","overlay-opacity":"","overlay-gradient":""},"tablet":{"background-color":"var(--ast-global-color-5)","background-image":"","background-repeat":"repeat","background-position":"center center","background-size":"auto","background-attachment":"scroll","background-type":"","background-media":"","overlay-type":"","overlay-color":"","overlay-opacity":"","overlay-gradient":""},"mobile":{"background-color":"var(--ast-global-color-5)","background-image":"","background-repeat":"repeat","background-position":"center center","background-size":"auto","background-attachment":"scroll","background-type":"","background-media":"","overlay-type":"","overlay-color":"","overlay-opacity":"","overlay-gradient":""}},"_joinchat":[],"footnotes":""},"class_list":["post-1046","page","type-page","status-publish","hentry"],"uagb_featured_image_src":{"full":false,"thumbnail":false,"medium":false,"medium_large":false,"large":false,"1536x1536":false,"2048x2048":false},"uagb_author_info":{"display_name":"soporte","author_link":"https:\/\/mxit.mx\/index.php\/author\/soporte\/"},"uagb_comment_info":0,"uagb_excerpt":"CIBERSEGURIDAD Ciberseguridad En MXIT Global transformamos la ciberseguridad en un motor de innovaci\u00f3n y resiliencia para su organizaci\u00f3n. Nuestros servicios integrales protegen sus activos digitales mientras impulsan su transformaci\u00f3n, combinando tecnolog\u00edas avanzadas con metodolog\u00edas adaptativas que anticipan amenazas y oportunidades en entornos empresariales din\u00e1micos. Implementamos arquitecturas de seguridad inteligentes que se integran con sus objetivos&hellip;","_links":{"self":[{"href":"https:\/\/mxit.mx\/index.php\/wp-json\/wp\/v2\/pages\/1046","targetHints":{"allow":["GET"]}}],"collection":[{"href":"https:\/\/mxit.mx\/index.php\/wp-json\/wp\/v2\/pages"}],"about":[{"href":"https:\/\/mxit.mx\/index.php\/wp-json\/wp\/v2\/types\/page"}],"author":[{"embeddable":true,"href":"https:\/\/mxit.mx\/index.php\/wp-json\/wp\/v2\/users\/1"}],"replies":[{"embeddable":true,"href":"https:\/\/mxit.mx\/index.php\/wp-json\/wp\/v2\/comments?post=1046"}],"version-history":[{"count":6,"href":"https:\/\/mxit.mx\/index.php\/wp-json\/wp\/v2\/pages\/1046\/revisions"}],"predecessor-version":[{"id":1340,"href":"https:\/\/mxit.mx\/index.php\/wp-json\/wp\/v2\/pages\/1046\/revisions\/1340"}],"wp:attachment":[{"href":"https:\/\/mxit.mx\/index.php\/wp-json\/wp\/v2\/media?parent=1046"}],"curies":[{"name":"wp","href":"https:\/\/api.w.org\/{rel}","templated":true}]}}