{"id":1053,"date":"2023-04-18T18:32:32","date_gmt":"2023-04-18T18:32:32","guid":{"rendered":"https:\/\/mxit.mx\/?page_id=1053"},"modified":"2025-06-09T23:37:35","modified_gmt":"2025-06-09T23:37:35","slug":"videovigilancia","status":"publish","type":"page","link":"https:\/\/mxit.mx\/index.php\/videovigilancia\/","title":{"rendered":"Riesgooperativo"},"content":{"rendered":"\n<div class=\"wp-block-uagb-container uagb-block-dfb0ed9a alignfull uagb-is-root-container\"><div class=\"uagb-container-inner-blocks-wrap\">\n<div class=\"wp-block-uagb-advanced-heading uagb-block-edd91288\"><h1 class=\"uagb-heading-text\">RIESGO OPERATIVO<\/h1><\/div>\n<\/div><\/div>\n\n\n\n<div class=\"wp-block-uagb-container uagb-block-9f7a0931 alignfull uagb-is-root-container\"><div class=\"uagb-container-inner-blocks-wrap\">\n<div class=\"wp-block-uagb-container uagb-block-9e0cf15f\">\n<h1 class=\"wp-block-heading has-ast-global-color-0-color has-text-color has-large-font-size\">Riesgo Operativo<\/h1>\n\n\n\n<p>En MXIT Global entendemos que el riesgo operativo no es solo un desaf\u00edo de cumplimiento, sino un factor estrat\u00e9gico que impacta directamente en la resiliencia y rentabilidad de su organizaci\u00f3n. Nuestro enfoque integral identifica, eval\u00faa y mitiga las vulnerabilidades en sus procesos cr\u00edticos, sistemas y controles internos. Combinamos metodolog\u00edas internacionales con un profundo conocimiento de su industria para crear mapas de riesgo din\u00e1micos que se alinean con sus objetivos de negocio. Lo que nos diferencia es nuestra capacidad para transformar la gesti\u00f3n de riesgos en una ventaja competitiva. No nos limitamos a identificar amenazas potenciales; desarrollamos controles inteligentes y planes de acci\u00f3n personalizados que fortalecen sus operaciones mientras optimizan costos. Nuestras soluciones no solo protegen su organizaci\u00f3n de p\u00e9rdidas financieras y da\u00f1os reputacionales, sino que mejoran la eficiencia, agilidad y toma de decisiones en todos los niveles. En un entorno empresarial cada vez m\u00e1s complejo, le ayudamos a construir operaciones m\u00e1s robustas, inteligentes y preparadas para el futuro.<\/p>\n<\/div>\n\n\n\n<div class=\"wp-block-uagb-container uagb-block-025878aa\">\n<figure class=\"wp-block-image size-full has-custom-border\"><img loading=\"lazy\" decoding=\"async\" width=\"1062\" height=\"605\" src=\"https:\/\/mxit.mx\/wp-content\/uploads\/2025\/06\/riesgo-operativo-1.png\" alt=\"\" class=\"wp-image-1342\" style=\"border-radius:30px\" srcset=\"https:\/\/mxit.mx\/wp-content\/uploads\/2025\/06\/riesgo-operativo-1.png 1062w, https:\/\/mxit.mx\/wp-content\/uploads\/2025\/06\/riesgo-operativo-1-300x171.png 300w, https:\/\/mxit.mx\/wp-content\/uploads\/2025\/06\/riesgo-operativo-1-1024x583.png 1024w, https:\/\/mxit.mx\/wp-content\/uploads\/2025\/06\/riesgo-operativo-1-768x438.png 768w\" sizes=\"auto, (max-width: 1062px) 100vw, 1062px\" \/><\/figure>\n<\/div>\n<\/div><\/div>\n\n\n\n<div class=\"wp-block-uagb-container uagb-block-fc5c235c alignfull uagb-is-root-container\"><div class=\"uagb-container-inner-blocks-wrap\">\n<div class=\"wp-block-uagb-advanced-heading uagb-block-95c3557d\"><h2 class=\"uagb-heading-text\"><strong>Tenemos la soluci\u00f3n perfecta que cumple tus expectativas.<\/strong><\/h2><\/div>\n<\/div><\/div>\n","protected":false},"excerpt":{"rendered":"<p>RIESGO OPERATIVO Riesgo Operativo En MXIT Global entendemos que el riesgo operativo no es solo un desaf\u00edo de cumplimiento, sino un factor estrat\u00e9gico que impacta directamente en la resiliencia y rentabilidad de su organizaci\u00f3n. Nuestro enfoque integral identifica, eval\u00faa y mitiga las vulnerabilidades en sus procesos cr\u00edticos, sistemas y controles internos. Combinamos metodolog\u00edas internacionales con [&hellip;]<\/p>\n","protected":false},"author":1,"featured_media":0,"parent":0,"menu_order":0,"comment_status":"closed","ping_status":"closed","template":"","meta":{"_uag_custom_page_level_css":"","site-sidebar-layout":"default","site-content-layout":"","ast-site-content-layout":"default","site-content-style":"default","site-sidebar-style":"default","ast-global-header-display":"","ast-banner-title-visibility":"","ast-main-header-display":"","ast-hfb-above-header-display":"","ast-hfb-below-header-display":"","ast-hfb-mobile-header-display":"","site-post-title":"disabled","ast-breadcrumbs-content":"","ast-featured-img":"","footer-sml-layout":"","ast-disable-related-posts":"","theme-transparent-header-meta":"disabled","adv-header-id-meta":"","stick-header-meta":"","header-above-stick-meta":"","header-main-stick-meta":"","header-below-stick-meta":"","astra-migrate-meta-layouts":"set","ast-page-background-enabled":"default","ast-page-background-meta":{"desktop":{"background-color":"var(--ast-global-color-4)","background-image":"","background-repeat":"repeat","background-position":"center center","background-size":"auto","background-attachment":"scroll","background-type":"","background-media":"","overlay-type":"","overlay-color":"","overlay-opacity":"","overlay-gradient":""},"tablet":{"background-color":"","background-image":"","background-repeat":"repeat","background-position":"center center","background-size":"auto","background-attachment":"scroll","background-type":"","background-media":"","overlay-type":"","overlay-color":"","overlay-opacity":"","overlay-gradient":""},"mobile":{"background-color":"","background-image":"","background-repeat":"repeat","background-position":"center center","background-size":"auto","background-attachment":"scroll","background-type":"","background-media":"","overlay-type":"","overlay-color":"","overlay-opacity":"","overlay-gradient":""}},"ast-content-background-meta":{"desktop":{"background-color":"var(--ast-global-color-5)","background-image":"","background-repeat":"repeat","background-position":"center center","background-size":"auto","background-attachment":"scroll","background-type":"","background-media":"","overlay-type":"","overlay-color":"","overlay-opacity":"","overlay-gradient":""},"tablet":{"background-color":"var(--ast-global-color-5)","background-image":"","background-repeat":"repeat","background-position":"center center","background-size":"auto","background-attachment":"scroll","background-type":"","background-media":"","overlay-type":"","overlay-color":"","overlay-opacity":"","overlay-gradient":""},"mobile":{"background-color":"var(--ast-global-color-5)","background-image":"","background-repeat":"repeat","background-position":"center center","background-size":"auto","background-attachment":"scroll","background-type":"","background-media":"","overlay-type":"","overlay-color":"","overlay-opacity":"","overlay-gradient":""}},"_joinchat":[],"footnotes":""},"class_list":["post-1053","page","type-page","status-publish","hentry"],"uagb_featured_image_src":{"full":false,"thumbnail":false,"medium":false,"medium_large":false,"large":false,"1536x1536":false,"2048x2048":false},"uagb_author_info":{"display_name":"soporte","author_link":"https:\/\/mxit.mx\/index.php\/author\/soporte\/"},"uagb_comment_info":0,"uagb_excerpt":"RIESGO OPERATIVO Riesgo Operativo En MXIT Global entendemos que el riesgo operativo no es solo un desaf\u00edo de cumplimiento, sino un factor estrat\u00e9gico que impacta directamente en la resiliencia y rentabilidad de su organizaci\u00f3n. Nuestro enfoque integral identifica, eval\u00faa y mitiga las vulnerabilidades en sus procesos cr\u00edticos, sistemas y controles internos. Combinamos metodolog\u00edas internacionales con&hellip;","_links":{"self":[{"href":"https:\/\/mxit.mx\/index.php\/wp-json\/wp\/v2\/pages\/1053","targetHints":{"allow":["GET"]}}],"collection":[{"href":"https:\/\/mxit.mx\/index.php\/wp-json\/wp\/v2\/pages"}],"about":[{"href":"https:\/\/mxit.mx\/index.php\/wp-json\/wp\/v2\/types\/page"}],"author":[{"embeddable":true,"href":"https:\/\/mxit.mx\/index.php\/wp-json\/wp\/v2\/users\/1"}],"replies":[{"embeddable":true,"href":"https:\/\/mxit.mx\/index.php\/wp-json\/wp\/v2\/comments?post=1053"}],"version-history":[{"count":6,"href":"https:\/\/mxit.mx\/index.php\/wp-json\/wp\/v2\/pages\/1053\/revisions"}],"predecessor-version":[{"id":1343,"href":"https:\/\/mxit.mx\/index.php\/wp-json\/wp\/v2\/pages\/1053\/revisions\/1343"}],"wp:attachment":[{"href":"https:\/\/mxit.mx\/index.php\/wp-json\/wp\/v2\/media?parent=1053"}],"curies":[{"name":"wp","href":"https:\/\/api.w.org\/{rel}","templated":true}]}}