{"id":355,"date":"2022-10-17T07:03:13","date_gmt":"2022-10-17T07:03:13","guid":{"rendered":"https:\/\/mxit.mx\/index.php\/home\/"},"modified":"2025-06-09T18:56:52","modified_gmt":"2025-06-09T18:56:52","slug":"home","status":"publish","type":"page","link":"https:\/\/mxit.mx\/","title":{"rendered":"Inicio"},"content":{"rendered":"\n<div class=\"wp-block-uagb-container uagb-block-c62860ef alignfull uagb-is-root-container\"><div class=\"uagb-container-inner-blocks-wrap\"><\/div><\/div>\n\n\n\n<div class=\"wp-block-uagb-container uagb-block-5ae47848 alignfull uagb-is-root-container\">\n<div class=\"wp-block-buttons is-layout-flex wp-block-buttons-is-layout-flex\"><\/div>\n\n\n\n<div class=\"wp-block-uagb-advanced-heading uagb-block-68d7b866\"><h1 class=\"uagb-heading-text\">MXIT Global\u200b<\/h1><\/div>\n\n\n\n<div class=\"wp-block-uagb-buttons uagb-buttons__outer-wrap uagb-btn__default-btn uagb-btn-tablet__default-btn uagb-btn-mobile__default-btn uagb-block-21a38f5a\"><div class=\"uagb-buttons__wrap uagb-buttons-layout-wrap \">\n<div class=\"wp-block-uagb-buttons-child uagb-buttons__outer-wrap uagb-block-b8156dad wp-block-button\"><div class=\"uagb-button__wrapper\"><a class=\"uagb-buttons-repeater wp-block-button__link has-text-color\" href=\"\/\/mxit.mx\/index.php\/nosotros\/\" onclick=\"return true;\" rel=\"follow noopener\" target=\"_self\"><div class=\"uagb-button__link\">Nosotros<\/div><\/a><\/div><\/div>\n\n\n\n<div class=\"wp-block-uagb-buttons-child uagb-buttons__outer-wrap uagb-block-4ab97775 wp-block-button\"><div class=\"uagb-button__wrapper\"><a class=\"uagb-buttons-repeater wp-block-button__link has-text-color\" href=\"\/\/mxit.mx\/index.php\/servicios\/\" onclick=\"return true;\" rel=\"follow noopener\" target=\"_self\"><div class=\"uagb-button__link\">Servicios<\/div><\/a><\/div><\/div>\n<\/div><\/div>\n<\/div>\n\n\n\n<div class=\"wp-block-uagb-container uagb-block-ed46d201 alignfull uagb-is-root-container\"><div class=\"uagb-container-inner-blocks-wrap\">\n<div class=\"wp-block-uagb-container uagb-block-836469d3\">\n<div class=\"wp-block-uagb-info-box uagb-block-09a15baa uagb-infobox__content-wrap  uagb-infobox-icon-above-title uagb-infobox-image-valign-top justificado\"><div class=\"uagb-ifb-content\"><div class=\"uagb-ifb-image-content\"><img decoding=\"async\" src=\"https:\/\/mxit.mx\/wp-content\/uploads\/2023\/05\/Procesos-1024x576.png\" alt=\"\" width=\"100\" height=\"56\" loading=\"lazy\"\/><\/div><div class=\"uagb-ifb-title-wrap\"><h4 class=\"uagb-ifb-title\">Gobierno de Procesos<\/h4><\/div><p class=\"uagb-ifb-desc\">Nuestro enfoque estrat\u00e9gico va m\u00e1s all\u00e1 de la simple optimizaci\u00f3n, integramos las mejores pr\u00e1cticas de gesti\u00f3n con tecnolog\u00edas disruptivas para crear flujos de trabajo \u00e1giles<br><\/p><\/div><\/div>\n<\/div>\n\n\n\n<div class=\"wp-block-uagb-container uagb-block-e499dcf3\">\n<div class=\"wp-block-uagb-info-box uagb-block-7b8dd4ad uagb-infobox__content-wrap  uagb-infobox-icon-above-title uagb-infobox-image-valign-top justificado\"><div class=\"uagb-ifb-content\"><div class=\"uagb-ifb-image-content\"><img decoding=\"async\" src=\"https:\/\/mxit.mx\/wp-content\/uploads\/2025\/06\/auditoria.png\" alt=\"\" width=\"100\" height=\"56\" loading=\"lazy\"\/><\/div><div class=\"uagb-ifb-title-wrap\"><h4 class=\"uagb-ifb-title\">Auditor\u00eda <\/h4><\/div><p class=\"uagb-ifb-desc\">Examinamos arquitecturas, controles de acceso, pol\u00edticas de seguridad y gesti\u00f3n de datos, identificando vulnerabilidades t\u00e9cnicas y oportunidades de mejora.<br><br><\/p><\/div><\/div>\n<\/div>\n\n\n\n<div class=\"wp-block-uagb-container uagb-block-268c5570\">\n<div class=\"wp-block-uagb-info-box uagb-block-56df3851 uagb-infobox__content-wrap  uagb-infobox-icon-above-title uagb-infobox-image-valign-top justificado\"><div class=\"uagb-ifb-content\"><div class=\"uagb-ifb-image-content\"><img decoding=\"async\" src=\"https:\/\/mxit.mx\/wp-content\/uploads\/2025\/06\/riesgo-tecnologico.png\" alt=\"\" width=\"100\" height=\"57\" loading=\"lazy\"\/><\/div><div class=\"uagb-ifb-title-wrap\"><h4 class=\"uagb-ifb-title\">Ciberseguridad<\/h4><\/div><p class=\"uagb-ifb-desc\">Transformamos la ciberseguridad en un motor de innovaci\u00f3n y resiliencia para su organizaci\u00f3n.<br><br><br><\/p><\/div><\/div>\n<\/div>\n<\/div><\/div>\n\n\n\n<div class=\"wp-block-uagb-container uagb-block-d4ac0646 alignfull uagb-is-root-container\"><div class=\"uagb-container__shape uagb-container__shape-top\"><svg xmlns=\"https:\/\/www.w3.org\/2000\/svg\" viewBox=\"0 0 1000 100\" preserveAspectRatio=\"none\"><path class=\"uagb-container__shape-fill\" d=\"M738,99l262-93V0H0v5.6L738,99z\"><\/path><\/svg><\/div><div class=\"uagb-container__shape uagb-container__shape-bottom uagb-container__invert\" data-negative=\"false\"><svg xmlns=\"https:\/\/www.w3.org\/2000\/svg\" viewBox=\"0 0 1000 100\" preserveAspectRatio=\"none\"><path class=\"uagb-container__shape-fill\" d=\"M500,98.9L0,6.1V0h1000v6.1L500,98.9z\"><\/path><\/svg><\/div><div class=\"uagb-container-inner-blocks-wrap\">\n<div class=\"wp-block-uagb-container uagb-block-b039f36b\">\n<div class=\"wp-block-uagb-info-box uagb-block-3e5d197a uagb-infobox__content-wrap  uagb-infobox-icon-above-title uagb-infobox-image-valign-top justificado\"><div class=\"uagb-ifb-content\"><div class=\"uagb-ifb-title-wrap\"><h1 class=\"uagb-ifb-title\"><br>CLIENTES<\/h1><\/div><p class=\"uagb-ifb-desc\">MXIT trabaja con una amplia gama de clientes, incluyendo empresas peque\u00f1as, medianas y grandes, as\u00ed como organizaciones gubernamentales. Nuestros servicios se adaptan a diversas industrias, como la educaci\u00f3n, la salud, el comercio minorista, la manufactura, la log\u00edstica y muchas m\u00e1s. Hemos demostrado nuestra capacidad para satisfacer las necesidades \u00fanicas de cada sector.<\/p><\/div><\/div>\n<\/div>\n\n\n\n<div class=\"wp-block-uagb-container uagb-block-920ce921\">\n<figure class=\"wp-block-image size-large has-custom-border\"><img loading=\"lazy\" decoding=\"async\" width=\"1024\" height=\"576\" src=\"https:\/\/mxit.mx\/wp-content\/uploads\/2023\/05\/Diseno-sin-titulo-26-1024x576.png\" alt=\"\" class=\"wp-image-1149\" style=\"border-radius:41px\" srcset=\"https:\/\/mxit.mx\/wp-content\/uploads\/2023\/05\/Diseno-sin-titulo-26-1024x576.png 1024w, https:\/\/mxit.mx\/wp-content\/uploads\/2023\/05\/Diseno-sin-titulo-26-300x169.png 300w, https:\/\/mxit.mx\/wp-content\/uploads\/2023\/05\/Diseno-sin-titulo-26-768x432.png 768w, https:\/\/mxit.mx\/wp-content\/uploads\/2023\/05\/Diseno-sin-titulo-26-1536x864.png 1536w, https:\/\/mxit.mx\/wp-content\/uploads\/2023\/05\/Diseno-sin-titulo-26.png 1920w\" sizes=\"auto, (max-width: 1024px) 100vw, 1024px\" \/><\/figure>\n<\/div>\n<\/div><\/div>\n\n\n\n<div class=\"wp-block-uagb-container uagb-block-1825b744 alignfull uagb-is-root-container\"><div class=\"uagb-container-inner-blocks-wrap\">\n<div class=\"wp-block-uagb-advanced-heading uagb-block-0f8c925e\"><h3 class=\"uagb-heading-text\">Tenemos la soluci\u00f3n perfecta que cumple tus expectativas.<\/h3><\/div>\n<\/div><\/div>\n","protected":false},"excerpt":{"rendered":"<p>MXIT Global\u200b Tenemos la soluci\u00f3n perfecta que cumple tus expectativas.<\/p>\n","protected":false},"author":1,"featured_media":0,"parent":0,"menu_order":0,"comment_status":"closed","ping_status":"closed","template":"","meta":{"_uag_custom_page_level_css":"","site-sidebar-layout":"default","site-content-layout":"default","ast-site-content-layout":"default","site-content-style":"default","site-sidebar-style":"default","ast-global-header-display":"","ast-banner-title-visibility":"","ast-main-header-display":"","ast-hfb-above-header-display":"","ast-hfb-below-header-display":"","ast-hfb-mobile-header-display":"","site-post-title":"disabled","ast-breadcrumbs-content":"","ast-featured-img":"","footer-sml-layout":"","ast-disable-related-posts":"","theme-transparent-header-meta":"disabled","adv-header-id-meta":"","stick-header-meta":"","header-above-stick-meta":"","header-main-stick-meta":"","header-below-stick-meta":"","astra-migrate-meta-layouts":"set","ast-page-background-enabled":"default","ast-page-background-meta":{"desktop":{"background-color":"var(--ast-global-color-4)","background-image":"","background-repeat":"repeat","background-position":"center center","background-size":"auto","background-attachment":"scroll","background-type":"","background-media":"","overlay-type":"","overlay-color":"","overlay-opacity":"","overlay-gradient":""},"tablet":{"background-color":"","background-image":"","background-repeat":"repeat","background-position":"center center","background-size":"auto","background-attachment":"scroll","background-type":"","background-media":"","overlay-type":"","overlay-color":"","overlay-opacity":"","overlay-gradient":""},"mobile":{"background-color":"","background-image":"","background-repeat":"repeat","background-position":"center center","background-size":"auto","background-attachment":"scroll","background-type":"","background-media":"","overlay-type":"","overlay-color":"","overlay-opacity":"","overlay-gradient":""}},"ast-content-background-meta":{"desktop":{"background-color":"var(--ast-global-color-5)","background-image":"","background-repeat":"repeat","background-position":"center center","background-size":"auto","background-attachment":"scroll","background-type":"","background-media":"","overlay-type":"","overlay-color":"","overlay-opacity":"","overlay-gradient":""},"tablet":{"background-color":"var(--ast-global-color-5)","background-image":"","background-repeat":"repeat","background-position":"center center","background-size":"auto","background-attachment":"scroll","background-type":"","background-media":"","overlay-type":"","overlay-color":"","overlay-opacity":"","overlay-gradient":""},"mobile":{"background-color":"var(--ast-global-color-5)","background-image":"","background-repeat":"repeat","background-position":"center center","background-size":"auto","background-attachment":"scroll","background-type":"","background-media":"","overlay-type":"","overlay-color":"","overlay-opacity":"","overlay-gradient":""}},"_joinchat":{"view":"yes"},"footnotes":""},"class_list":["post-355","page","type-page","status-publish","hentry"],"uagb_featured_image_src":{"full":false,"thumbnail":false,"medium":false,"medium_large":false,"large":false,"1536x1536":false,"2048x2048":false},"uagb_author_info":{"display_name":"soporte","author_link":"https:\/\/mxit.mx\/index.php\/author\/soporte\/"},"uagb_comment_info":0,"uagb_excerpt":"MXIT Global\u200b Tenemos la soluci\u00f3n perfecta que cumple tus expectativas.","_links":{"self":[{"href":"https:\/\/mxit.mx\/index.php\/wp-json\/wp\/v2\/pages\/355","targetHints":{"allow":["GET"]}}],"collection":[{"href":"https:\/\/mxit.mx\/index.php\/wp-json\/wp\/v2\/pages"}],"about":[{"href":"https:\/\/mxit.mx\/index.php\/wp-json\/wp\/v2\/types\/page"}],"author":[{"embeddable":true,"href":"https:\/\/mxit.mx\/index.php\/wp-json\/wp\/v2\/users\/1"}],"replies":[{"embeddable":true,"href":"https:\/\/mxit.mx\/index.php\/wp-json\/wp\/v2\/comments?post=355"}],"version-history":[{"count":61,"href":"https:\/\/mxit.mx\/index.php\/wp-json\/wp\/v2\/pages\/355\/revisions"}],"predecessor-version":[{"id":1307,"href":"https:\/\/mxit.mx\/index.php\/wp-json\/wp\/v2\/pages\/355\/revisions\/1307"}],"wp:attachment":[{"href":"https:\/\/mxit.mx\/index.php\/wp-json\/wp\/v2\/media?parent=355"}],"curies":[{"name":"wp","href":"https:\/\/api.w.org\/{rel}","templated":true}]}}